4958275.
5, 113, 164587
What are the prime factors of 98414464?
2, 239, 3217
What are the prime factors of 28470042?
2, 3, 43, 61, 67
What are the prime factors of 277473596?
2, 79, 163, 5387
List the prime factors of 79571352.
2, 3, 7, 23, 20593
What are the prime factors of 3242738?
2, 1621369
List the prime factors of 95564010.
2, 3, 5, 31, 211, 487
What are the prime factors of 128904532?
2, 32226133
What are the prime factors of 25676956?
2, 6419239
What are the prime factors of 1960936797?
3, 653645599
What are the prime factors of 835165981?
13, 317, 202661
What are the prime factors of 13764903?
3, 271, 16931
What are the prime factors of 3706762607?
3706762607
List the prime factors of 129479523.
3, 107, 403363
What are the prime factors of 455490374?
2, 53, 307, 13997
What are the prime factors of 33581735?
5, 11, 47, 1181
List the prime factors of 114671619.
3, 313, 4523
List the prime factors of 1196373913.
7, 2027, 84317
List the prime factors of 39135687.
3, 19, 109, 6299
List the prime factors of 67542964.
2, 59, 286199
What are the prime factors of 48270340?
2, 5, 2413517
List the prime factors of 396796996.
2, 6781, 14629
What are the prime factors of 756276813?
3, 84030757
List the prime factors of 7897022179.
127, 197, 439, 719
List the prime factors of 369184695.
3, 5, 11, 139, 16097
List the prime factors of 758530447.
7297, 103951
List the prime factors of 267128547.
3, 7, 739, 2459
List the prime factors of 35092469.
107, 327967
List the prime factors of 24539185.
5, 11, 173, 2579
List the prime factors of 243244413.
3, 27027157
List the prime factors of 47401751.
19, 2494829
What are the prime factors of 5341177?
5341177
What are the prime factors of 196630256?
2, 991, 12401
List the prime factors of 129457185.
3, 5, 11, 13, 60353
What are the prime factors of 53668439?
11, 17, 109, 2633
List the prime factors of 28533515.
5, 719, 7937
List the prime factors of 409592938.
2, 204796469
List the prime factors of 125285244.
2, 3, 7, 1491491
What are the prime factors of 16971214?
2, 13, 652739
What are the prime factors of 19865420?
2, 5, 31, 179
What are the prime factors of 969924481?
969924481
What are the prime factors of 14850123?
3, 53, 59, 1583
What are the prime factors of 3074539021?
347, 8860343
List the prime factors of 139527187.
31, 4500877
What are the prime factors of 730715518?
2, 13, 263, 106861
What are the prime factors of 8269954890?
2, 3, 5, 275665163
What are the prime factors of 442258635?
3, 5, 7, 13, 24923
What are the prime factors of 803362587?
3, 47, 761, 7487
List the prime factors of 29580043.
107, 276449
List the prime factors of 19621394.
2, 13, 59, 12791
List the prime factors of 80021380.
2, 5, 17, 37, 6361
What are the prime factors of 127401775?
5, 191, 26681
What are the prime factors of 32399862?
2, 3, 11, 281, 1747
List the prime factors of 59673447.
3, 449, 14767
What are the prime factors of 105189040?
2, 5, 11, 119533
List the prime factors of 1678479940.
2, 5, 83923997
List the prime factors of 2148543716.
2, 11, 48830539
List the prime factors of 1114797849.
3, 11, 19, 311, 5717
What are the prime factors of 1909733087?
1909733087
What are the prime factors of 89443466?
2, 7, 6388819
What are the prime factors of 344460398?
2, 172230199
What are the prime factors of 202517402?
2, 107, 557, 1699
What are the prime factors of 153528?
2, 3, 6397
List the prime factors of 99445204.
2, 24861301
What are the prime factors of 363293872?
2, 22705867
What are the prime factors of 259261437?
3, 113, 764783
List the prime factors of 44513237.
71, 626947
List the prime factors of 71765022.
2, 3, 7, 43, 79, 503
List the prime factors of 20553223.
73, 281551
What are the prime factors of 136699458?
2, 3, 7, 3254749
What are the prime factors of 60638439?
3, 17, 181, 6569
List the prime factors of 41145207.
3, 241, 56909
List the prime factors of 14935841.
29, 67, 7687
List the prime factors of 133955102.
2, 2659, 25189
What are the prime factors of 2536124222?
2, 139, 9122749
List the prime factors of 2070183027.
3, 11, 569, 110251
List the prime factors of 14823034.
2, 7411517
What are the prime factors of 1153219436?
2, 127, 2270117
List the prime factors of 797715143.
797715143
List the prime factors of 182116048.
2, 11382253
What are the prime factors of 404883745?
5, 7, 2543, 4549
What are the prime factors of 87747272?
2, 29, 613, 617
What are the prime factors of 9163671620?
2, 5, 181, 743, 3407
List the prime factors of 193794671.
7, 31, 307, 2909
What are the prime factors of 217156951?
11, 41, 481501
List the prime factors of 7088160.
2, 3, 5, 14767
What are the prime factors of 93260944?
2, 7, 832687
List the prime factors of 1062640301.
17, 29, 53, 67, 607
What are the prime factors of 197964439?
17, 19, 769, 797
What are the prime factors of 3965355693?
3, 13, 73, 107, 4339
What are the prime factors of 543977035?
5, 7, 109, 142589
List the prime factors of 603114624.
2, 3, 7, 29, 2579
What are the prime factors of 2906259380?
2, 5, 19, 402529
List the prime factors of 467321503.
11, 71, 598363
List the prime factors of 98747752.
2, 47, 262627
What are the prime factors of 166554227?
7, 31, 59, 13009
List the prime factors of 647914498.
2, 7, 11, 4207237
List the prime factors of 48866475.
3, 5, 7, 13297
What are the prime factors of 529527742?
2, 137, 173, 11171
What are the prime factors of 75717369?
3, 7, 13, 30817
List the prime factors of 248032492.
2, 97, 639259
What are the prime factors of 29299623?
3, 823, 11867
List the prime factors of 3631001399.
43, 84441893
What are the prime factors of 6330669213?
3, 11, 181, 271, 3911
What are the prime factors of 331255682?
2, 607, 272863
What are the prime factors of 42110625?
3, 5, 37, 607
What are the prime factors of 12127901?
2243, 5407
What are the prime factors of 209915269?
17, 101, 179, 683
List the prime factors of 264211342.
2, 2027, 65173
What are the prime factors of 810049554?
2, 3, 45002753
What are the prime factors of 155759170?
2, 5, 7, 101, 22031
List the prime factors of 3328002949.
997, 3338017
What are the prime factors of 2404727525?
5, 641, 150061
List the prime factors of 4666264829.
5519, 845491
What are the prime factors of 55416207?
3, 7, 11, 43, 797
List the prime factors of 4930017477.
3, 7, 11, 2591, 8237
What are the prime factors of 4684659703?
19, 389, 633833
List the prime factors of 64040167.
1823, 35129
List the prime factors of 3771737.
3771737
List the prime factors of 414353157.
3, 138117719
What are the prime factors of 424966295?
5, 13, 6537943
List the prime factors of 2866345708.
2, 4721, 151787
List the prime factors of 162538175.
5, 157, 41411
What are the prime factors of 23499884?
2, 19, 37, 61, 137
List the prime factors of 15143311.
17, 61, 859
What are the prime factors of 137457600?
2, 3, 5, 7, 4091
List the prime factors of 103120522.
2, 51560261
What are the prime factors of 262191105?
3, 5, 11, 41, 12919
What are the prime factors of 3996082?
2, 1998041
List the prime factors of 170388747.
3, 43, 440281
List the prime factors of 1048368888.
2, 3, 7, 23, 90439
What are the prime factors of 21295360?
2, 5, 127, 131
List the prime factors of 1241412944.
2, 199, 389891
List the prime factors of 151565796.
2, 3, 53, 26479
List the prime factors of 943545914.
2, 29, 1361, 11953
What are the prime factors of 30892021?
149, 207329
List the prime factors of 1834805132.
2, 89, 179, 28793
List the prime factors of 78198884.
2, 3733, 5237
What are the prime factors of 18869845?
5, 191, 19759
What are the prime factors of 1975450632?
2, 3, 113, 359, 2029
What are the prime factors of 1003614510?
2, 3, 5, 541, 61837
List the prime factors of 827926655.
5, 29, 401, 491
What are the prime factors of 19427858?
2, 953, 10193
List the prime factors of 206830685.
5, 41366137
What are the prime factors of 1067112?
2, 3, 14821
What are the prime factors of 9501029812?
2, 2375257453
What are the prime factors of 364648488?
2, 3, 15193687
List the prime factors of 320864941.
61, 5260081
List the prime factors of 269384811.
3, 97, 925721
What are the prime factors of 61800760?
2, 5, 7, 31531
List the prime factors of 35715388.
2, 8928847
List the prime factors of 18093338.
2, 17, 433, 1229
What a